t s(g) = 5*g**2 - g. Let p be s(-1). What is the highest common divisor of v and p?
6
Let z(k) = 2*k**3 - 5*k**2 + 11*k - 6. Let b be z(3). Calculate the highest common factor of b and 126.
18
Let d(u) = -u**2 - 3*u + 4. Let a be d(-3). Suppose 2*q - a*q - 36 = 0. Let h = q + 46. What is the greatest common divisor of 14 and h?
14
Let l = -5 - -14. Let o be 2/(-3*(-2)/l). What is the highest common divisor of 24 and o?
3
Let z(x) = -5*x**2 + 9*x - 2. Let d be z(6). Let c = d + 232. Let u = -15 + 28. What is the greatest common divisor of c and u?
13
Suppose 3*i + 2*w = 5*i - 8, 0 = 4*i - 2*w - 14. Calculate the greatest common divisor of 3 and i.
3
Suppose x + 9 = 16. Let w = 19 - -17. Suppose 0*j + j + w = 5*b, j - 20 = -3*b. Calculate the greatest common divisor of b and x.
7
Let g = 80 - 5. Suppose -2*u + g = -2*j - 17, -4*u + 2*j = -188. Calculate the highest common divisor of 16 and u.
16
Suppose -c = -5 + 3. Let l = 14 + c. Calculate the highest common divisor of l and 40.
8
Let x = -8 + 34. Suppose -4*l + 11 = 3. Suppose 0 = -3*d + l*d + x. Calculate the highest common divisor of 39 and d.
13
Suppose 2*c - 129 = -3*o - 0*o, -3*c = -o + 54. What is the greatest common divisor of o and 15?
15
Suppose 5*u = 0, -k + 5 = -4*u - 15. Suppose 6*a - 4*a - k = 0. Calculate the greatest common factor of 90 and a.
10
Let j = 96 - 22. Suppose v - h - j = h, 5*v - 363 = 3*h. What is the greatest common divisor of 9 and v?
9
Suppose 5*d - 83 - 112 = 0. Suppose -2*z - z = -78. What is the greatest common divisor of z and d?
13
Let t(x) = -3*x**2 - 3*x - 3. Let g be t(-2). Let u be 3*3/(g/(-2)). Let w(h) = 60*h + 1. Let s be w(u). Calculate the highest common factor of 11 and s.
11
Suppose -4*d = -4*b - 208, -100 = 5*b - 2*d + 166. Let r = -38 - b. Calculate the highest common divisor of 40 and r.
8
Let h(f) = -5*f**3 + 2*f + f**3 + 0*f**3 + 3*f**3 + 1. Let q be h(-2). Let l be (-2)/7 + 282/7. What is the highest common factor of l and q?
5
Let f = -58 + 61. What is the greatest common divisor of f and 51?
3
Suppose -2*t = -3*j - 0*j - 17, 8 = 3*t - j. What is the highest common divisor of t and 2?
1
Let a(u) = u**2 + 2*u + 6. Let r be a(-6). Let n be r/7*(20 + 8). What is the highest common divisor of 15 and n?
15
Let r(u) = -6*u - u**2 + 3 + 3 - 3*u. Let y be r(-7). Calculate the greatest common factor of 30 and y.
10
Let g be (99 - 1) + 0 + -2. Suppose 6*x + 0*x = 72. Calculate the highest common divisor of g and x.
12
Let l = 15 - 7. Calculate the highest common divisor of l and 12.
4
Suppose -s + 2 = 0, -2*s + 6 = 5*i - 628. Suppose -2*t - 19 = -5. Let p be (-2)/t - 96/(-7). What is the greatest common divisor of p and i?
14
Suppose -7*c - 21 = -14*c. Suppose h + 4*h = 15, h = g - 30. Calculate the highest common factor of c and g.
3
Let v be (-6)/15 + (-485)/(-25). Suppose -2*o + 2*w = -26, -2*o - v = -3*o - 2*w. Calculate the highest common factor of o and 75.
15
Suppose -k - k - 6 = 0. Let n(c) = c**3 + 5*c**2 - 2*c + 4. Let i be n(k). Suppose 0 = x + x - i. What is the highest common divisor of 154 and x?
14
Suppose 10*c - 100 = -30. What is the highest common factor of 63 and c?
7
Let n be (86/(-6))/(1/3). Suppose -5*l - 20 - 7 = -i, -41 = -3*i + 5*l. Let a = i - n. Calculate the highest common divisor of a and 5.
5
Let z(l) = -l. Let s be (-2)/(((-2)/(-1))/4). Let d be z(s). Calculate the highest common divisor of d and 12.
4
Suppose 0 = t - 0*t - 27. Let p = t + -3. Suppose -3*r = -b + 15 - 0, -3*b = -3*r - 21. What is the greatest common factor of p and b?
3
Let q be 2 - 3 - (-2 - 9). Suppose -70 - 250 = -4*k. Calculate the highest common divisor of k and q.
10
Let v be (-12)/(-20) + 37/5. What is the highest common factor of 1 and v?
1
Suppose 0*r + r = -2*w, -4*w - 24 = -2*r. Let t be (-1 + r)*(-8)/(-10). Suppose t*f = 2*f + 30. Calculate the highest common factor of f and 15.
15
Let k = -4 + 14. Calculate the highest common factor of 50 and k.
10
Let i(u) = 26*u - 1. Let n(t) = -25*t. Let b(g) = 2*i(g) + 3*n(g). Let x be b(-1). What is the greatest common factor of 14 and x?
7
Let i = -20 - -35. Suppose n - 2*n - 3 = 0, -4*n - 87 = -j. Calculate the highest common factor of j and i.
15
Let f = -67 + 112. Suppose 0 = -3*r + 23 + 4. What is the highest common factor of r and f?
9
Let m = -39 - -61. Calculate the greatest common divisor of 22 and m.
22
Let q = 4 - 2. Suppose 195 = 5*w + 3*v, -2*w = -3*v + q - 59. Suppose 35 = -3*p + 107. What is the highest common factor of w and p?
12
Let b(u) = -u**2 - 4*u + 2. Let t be b(-2). Calculate the highest common divisor of 6 and t.
6
Suppose -3*y - y = 12. Let i be 44 + (y + 2)*-1. Calculate the highest common factor of 15 and i.
15
Let c(b) = b**3 - 2*b**2 + 1. Let w be c(2). Let f be 7 + -1 + 1 + w. Suppose 2*r + f = 6*r. What is the greatest common divisor of 3 and r?
1
Suppose -c = c - 2, -3 = 2*p - 5*c. Calculate the highest common factor of 2 and p.
1
Let i(y) = 3*y + 6 - y**2 - 15*y - 4. Let p be i(-12). Calculate the greatest common factor of p and 10.
2
Suppose -60 = k - 4*k. Let g = k + -12. Calculate the highest common factor of 56 and g.
8
Suppose 0 = 7*y - 8*y + 2. Suppose 3*t - 3*c - 62 - 19 = 0, 0 = -3*t + y*c + 82. What is the greatest common divisor of t and 14?
14
Suppose -n = -5*q - 100, -260 = -4*n + n - 5*q. Let b(v) = v**2 - 5*v. Let y be b(-4). Calculate the highest common divisor of n and y.
18
Suppose 0 = -5*j + 3 + 127. Calculate the greatest common factor of j and 208.
26
Let t = 871 - 860. Let v(d) = -d**3 + 6*d**2 + 4*d - 1. Let f be v(5). Calculate the highest common divisor of f and t.
11
Let n(c) = 8*c**3 - c**2. Let q be n(2). Suppose 0*v = -2*j - v + 135, -5*j + 342 = 4*v. Let g = -42 + j. Calculate the highest common factor of g and q.
12
Let l be 1/4 - (-21)/12. Let a = l - 4. Let c(p) = p**2 - 4*p - 3. Let h be c(a). Calculate the greatest common factor of h and 9.
9
Let l(v) = -6*v - 35. Let f be l(-7). Calculate the greatest common divisor of 56 and f.
7
Let b(l) = -2*l**2 + 3*l + 1. Let n be b(3). Let c = 0 - n. Let k be ((-60)/18 + 0)*24/(-10). What is the highest common divisor of k and c?
8
Let b(k) = -k**3 + 0*k**2 - 2 + 5*k**2 + k + k. Suppose 4 = a - 0*a. Let c be b(a). Calculate the greatest common factor of 11 and c.
11
Suppose 0 = -3*a + 4*k + 152, -3*a - 215 = -8*a - k. Suppose -p + 2 = -m + 3*m, 0 = -2*p - m + 7. What is the greatest common factor of a and p?
4
Let c(i) = -44*i - 4. Let t be 12/32 + 129/(-24). Let d be c(t). What is the greatest common factor of 27 and d?
27
Let d(v) = -14*v + 4. Let z be d(-6). What is the highest common factor of 44 and z?
44
Suppose -5*m + 23 = -3*k + 160, 0 = -5*k + m + 199. What is the highest common factor of 26 and k?
13
Suppose -27 = -3*f - 3*x, -3*x - x + 42 = 5*f. What is the highest common divisor of f and 15?
3
Let p(a) = 3 - 2 + 3*a + 0. Let d be p(5). Calculate the greatest common factor of 144 and d.
16
Suppose 3*y = 8*y - 490. Let z = y + -70. Calculate the highest common divisor of z and 70.
14
Let l be (4/(-6))/(3/(-18)). What is the greatest common factor of l and 32?
4
Suppose 0*o = o - 6. Let n = -97 + 106. Calculate the greatest common divisor of n and o.
3
Let m = 101 - 31. Suppose 2*z - m = -5*k, 4*k - 73 + 17 = 3*z. Suppose 0 = 3*v - v - 308. Calculate the greatest common divisor of v and k.
14
Suppose 0 = 2*l + 4*k - 32, 4*l + 4*k - 55 = 17. Suppose -2*a + 41 = 5*i, a + 6 = 3*a - 2*i. Let n = -4 + a. Calculate the highest common factor of l and n.
4
Let p(b) = b**2 - 9*b + 8. Let t be p(8). Suppose t = -5*y + y + 96. Let k = -7 + 13. What is the highest common divisor of k and y?
6
Suppose 186 = -z + 4*z. Suppose 2*y - y - 283 = -3*r, 0 = y - 4. What is the greatest common factor of z and r?
31
Suppose -54 = -n - w - 2*w, -n - 5*w = -50. Let h be (16/6)/(5/45 - 0). Calculate the highest common factor of h and n.
12
Let v = 51 + -11. Let g(l) = l**2 + 3. Let u be g(0). Let r(d) = 3*d - 4. Let k be r(u). What is the highest common factor of v and k?
5
Suppose -g + 0 = -3. Suppose 0 = g*d - d - 20. Calculate the highest common factor of d and 50.
10
Let p = 52 - 15. What is the highest common divisor of p and 111?
37
Suppose -2*c - y + 4 + 11 = 0, 3*c - 45 = 3*y. Let f(x) = x**2 + 4*x